{"id":164,"date":"2019-03-22T01:36:11","date_gmt":"2019-03-22T00:36:11","guid":{"rendered":"http:\/\/svdrevenack.de\/?page_id=164"},"modified":"2021-08-15T16:54:02","modified_gmt":"2021-08-15T14:54:02","slug":"thron-2014-thomas-greulich","status":"publish","type":"page","link":"https:\/\/svdrevenack.de\/?page_id=164","title":{"rendered":"Thron 2014 Thomas Greulich"},"content":{"rendered":"<p><img fetchpriority=\"high\" decoding=\"async\" class=\"aligncenter size-large wp-image-166\" src=\"https:\/\/svdrevenack.de\/wp-content\/uploads\/2019\/03\/Thron2014_Thomas_Greulich-1024x768.jpg\" alt=\"\" width=\"860\" height=\"645\" srcset=\"https:\/\/svdrevenack.de\/wp-content\/uploads\/2019\/03\/Thron2014_Thomas_Greulich.jpg 1024w, https:\/\/svdrevenack.de\/wp-content\/uploads\/2019\/03\/Thron2014_Thomas_Greulich-300x225.jpg 300w, https:\/\/svdrevenack.de\/wp-content\/uploads\/2019\/03\/Thron2014_Thomas_Greulich-768x576.jpg 768w\" sizes=\"(max-width: 860px) 100vw, 860px\" \/><\/p>\n<p style=\"text-align: center;\">K\u00f6nig Thomas Greulich<\/p>\n<p style=\"text-align: center;\">K\u00f6nigin Maren Liedtke<\/p>\n<p style=\"text-align: center;\">Thronpaare:<\/p>\n<p style=\"text-align: center;\">Jan-Welm Schanzmann und Sarah Thiel<br \/>\nJan-Derk Schanzmann und Ronja Binder<br \/>\nTim H\u00fcser und Sina Bay<br \/>\nMarvin Jansen und Sabrina Schneider<\/p>\n<p style=\"text-align: center;\">&nbsp;<\/p>\n","protected":false},"excerpt":{"rendered":"<p>K\u00f6nig Thomas Greulich K\u00f6nigin Maren Liedtke Thronpaare: Jan-Welm Schanzmann und Sarah Thiel Jan-Derk Schanzmann und Ronja Binder Tim H\u00fcser und Sina Bay Marvin Jansen und Sabrina Schneider &nbsp;<\/p>\n","protected":false},"author":1,"featured_media":0,"parent":140,"menu_order":0,"comment_status":"closed","ping_status":"closed","template":"","meta":{"ngg_post_thumbnail":0,"footnotes":""},"class_list":["post-164","page","type-page","status-publish","hentry"],"_links":{"self":[{"href":"https:\/\/svdrevenack.de\/index.php?rest_route=\/wp\/v2\/pages\/164","targetHints":{"allow":["GET"]}}],"collection":[{"href":"https:\/\/svdrevenack.de\/index.php?rest_route=\/wp\/v2\/pages"}],"about":[{"href":"https:\/\/svdrevenack.de\/index.php?rest_route=\/wp\/v2\/types\/page"}],"author":[{"embeddable":true,"href":"https:\/\/svdrevenack.de\/index.php?rest_route=\/wp\/v2\/users\/1"}],"replies":[{"embeddable":true,"href":"https:\/\/svdrevenack.de\/index.php?rest_route=%2Fwp%2Fv2%2Fcomments&post=164"}],"version-history":[{"count":1,"href":"https:\/\/svdrevenack.de\/index.php?rest_route=\/wp\/v2\/pages\/164\/revisions"}],"predecessor-version":[{"id":167,"href":"https:\/\/svdrevenack.de\/index.php?rest_route=\/wp\/v2\/pages\/164\/revisions\/167"}],"up":[{"embeddable":true,"href":"https:\/\/svdrevenack.de\/index.php?rest_route=\/wp\/v2\/pages\/140"}],"wp:attachment":[{"href":"https:\/\/svdrevenack.de\/index.php?rest_route=%2Fwp%2Fv2%2Fmedia&parent=164"}],"curies":[{"name":"wp","href":"https:\/\/api.w.org\/{rel}","templated":true}]}}

<p><img fetchpriority="high" decoding="async" class="aligncenter size-large wp-image-166" src="https://svdrevenack.de/wp-content/uploads/2019/03/Thron2014_Thomas_Greulich-1024x768.jpg" alt="" width="860" height="645" srcset="https://svdrevenack.de/wp-content/uploads/2019/03/Thron2014_Thomas_Greulich.jpg 1024w, https://svdrevenack.de/wp-content/uploads/2019/03/Thron2014_Thomas_Greulich-300x225.jpg 300w, https://svdrevenack.de/wp-content/uploads/2019/03/Thron2014_Thomas_Greulich-768x576.jpg 768w" sizes="(max-width: 860px) 100vw, 860px" /></p>
<p style="text-align: center;">König Thomas Greulich</p>
<p style="text-align: center;">Königin Maren Liedtke</p>
<p style="text-align: center;">Thronpaare:</p>
<p style="text-align: center;">Jan-Welm Schanzmann und Sarah Thiel<br />
Jan-Derk Schanzmann und Ronja Binder<br />
Tim Hüser und Sina Bay<br />
Marvin Jansen und Sabrina Schneider</p>
<p style="text-align: center;">&nbsp;</p>

<p>König Thomas Greulich Königin Maren Liedtke Thronpaare: Jan-Welm Schanzmann und Sarah Thiel Jan-Derk Schanzmann und Ronja Binder Tim Hüser und Sina Bay Marvin Jansen und Sabrina Schneider &nbsp;</p>
