{"id":186,"date":"2019-03-22T02:43:21","date_gmt":"2019-03-22T01:43:21","guid":{"rendered":"http:\/\/svdrevenack.de\/?page_id=186"},"modified":"2021-08-15T16:56:01","modified_gmt":"2021-08-15T14:56:01","slug":"thron-2007-rolf-meyer","status":"publish","type":"page","link":"https:\/\/svdrevenack.de\/?page_id=186","title":{"rendered":"Thron 2007 Rolf Meyer"},"content":{"rendered":"<p><img fetchpriority=\"high\" decoding=\"async\" class=\"aligncenter size-full wp-image-187\" src=\"https:\/\/svdrevenack.de\/wp-content\/uploads\/2019\/03\/a_2007_Thron_Meyer_Rolf.jpg\" alt=\"\" width=\"640\" height=\"480\" srcset=\"https:\/\/svdrevenack.de\/wp-content\/uploads\/2019\/03\/a_2007_Thron_Meyer_Rolf.jpg 640w, https:\/\/svdrevenack.de\/wp-content\/uploads\/2019\/03\/a_2007_Thron_Meyer_Rolf-300x225.jpg 300w\" sizes=\"(max-width: 640px) 100vw, 640px\" \/><\/p>\n<p>&nbsp;<\/p>\n<p style=\"text-align: center;\">K\u00f6nig : Rolf Meyer<br \/>\nK\u00f6nigin: Kirsten Meyer<\/p>\n<p style=\"text-align: center;\">Thronpaare:<\/p>\n<p style=\"text-align: center;\">Heino Spickermann und Petra Spickermann-Ruschke<br \/>\nPeter und B\u00e4rbel Ott<br \/>\nRainer und Claudia K\u00f6ster<br \/>\nPeter und Sonja Schmitz<\/p>\n","protected":false},"excerpt":{"rendered":"<p>&nbsp; K\u00f6nig : Rolf Meyer K\u00f6nigin: Kirsten Meyer Thronpaare: Heino Spickermann und Petra Spickermann-Ruschke Peter und B\u00e4rbel Ott Rainer und Claudia K\u00f6ster Peter und Sonja Schmitz<\/p>\n","protected":false},"author":1,"featured_media":0,"parent":140,"menu_order":0,"comment_status":"closed","ping_status":"closed","template":"","meta":{"ngg_post_thumbnail":0,"footnotes":""},"class_list":["post-186","page","type-page","status-publish","hentry"],"_links":{"self":[{"href":"https:\/\/svdrevenack.de\/index.php?rest_route=\/wp\/v2\/pages\/186","targetHints":{"allow":["GET"]}}],"collection":[{"href":"https:\/\/svdrevenack.de\/index.php?rest_route=\/wp\/v2\/pages"}],"about":[{"href":"https:\/\/svdrevenack.de\/index.php?rest_route=\/wp\/v2\/types\/page"}],"author":[{"embeddable":true,"href":"https:\/\/svdrevenack.de\/index.php?rest_route=\/wp\/v2\/users\/1"}],"replies":[{"embeddable":true,"href":"https:\/\/svdrevenack.de\/index.php?rest_route=%2Fwp%2Fv2%2Fcomments&post=186"}],"version-history":[{"count":1,"href":"https:\/\/svdrevenack.de\/index.php?rest_route=\/wp\/v2\/pages\/186\/revisions"}],"predecessor-version":[{"id":188,"href":"https:\/\/svdrevenack.de\/index.php?rest_route=\/wp\/v2\/pages\/186\/revisions\/188"}],"up":[{"embeddable":true,"href":"https:\/\/svdrevenack.de\/index.php?rest_route=\/wp\/v2\/pages\/140"}],"wp:attachment":[{"href":"https:\/\/svdrevenack.de\/index.php?rest_route=%2Fwp%2Fv2%2Fmedia&parent=186"}],"curies":[{"name":"wp","href":"https:\/\/api.w.org\/{rel}","templated":true}]}}

<p><img fetchpriority="high" decoding="async" class="aligncenter size-full wp-image-187" src="https://svdrevenack.de/wp-content/uploads/2019/03/a_2007_Thron_Meyer_Rolf.jpg" alt="" width="640" height="480" srcset="https://svdrevenack.de/wp-content/uploads/2019/03/a_2007_Thron_Meyer_Rolf.jpg 640w, https://svdrevenack.de/wp-content/uploads/2019/03/a_2007_Thron_Meyer_Rolf-300x225.jpg 300w" sizes="(max-width: 640px) 100vw, 640px" /></p>
<p>&nbsp;</p>
<p style="text-align: center;">König : Rolf Meyer<br />
Königin: Kirsten Meyer</p>
<p style="text-align: center;">Thronpaare:</p>
<p style="text-align: center;">Heino Spickermann und Petra Spickermann-Ruschke<br />
Peter und Bärbel Ott<br />
Rainer und Claudia Köster<br />
Peter und Sonja Schmitz</p>

<p>&nbsp; König : Rolf Meyer Königin: Kirsten Meyer Thronpaare: Heino Spickermann und Petra Spickermann-Ruschke Peter und Bärbel Ott Rainer und Claudia Köster Peter und Sonja Schmitz</p>
