{"id":285,"date":"2019-03-22T04:02:12","date_gmt":"2019-03-22T03:02:12","guid":{"rendered":"http:\/\/svdrevenack.de\/?page_id=285"},"modified":"2019-03-22T04:02:12","modified_gmt":"2019-03-22T03:02:12","slug":"thron-1978-karl-heinz-ressing","status":"publish","type":"page","link":"https:\/\/svdrevenack.de\/?page_id=285","title":{"rendered":"Thron 1978 Karl-Heinz Re\u00dfing"},"content":{"rendered":"<p><img fetchpriority=\"high\" decoding=\"async\" class=\"aligncenter size-full wp-image-277\" src=\"https:\/\/svdrevenack.de\/wp-content\/uploads\/2019\/03\/a_1978_Thron_Ressing_Karl-Heinz__Inge.jpg\" alt=\"\" width=\"593\" height=\"305\" srcset=\"https:\/\/svdrevenack.de\/wp-content\/uploads\/2019\/03\/a_1978_Thron_Ressing_Karl-Heinz__Inge.jpg 593w, https:\/\/svdrevenack.de\/wp-content\/uploads\/2019\/03\/a_1978_Thron_Ressing_Karl-Heinz__Inge-300x154.jpg 300w\" sizes=\"(max-width: 593px) 100vw, 593px\" \/> <img decoding=\"async\" class=\"aligncenter size-full wp-image-276\" src=\"https:\/\/svdrevenack.de\/wp-content\/uploads\/2019\/03\/1978.jpg\" alt=\"\" width=\"740\" height=\"505\" srcset=\"https:\/\/svdrevenack.de\/wp-content\/uploads\/2019\/03\/1978.jpg 740w, https:\/\/svdrevenack.de\/wp-content\/uploads\/2019\/03\/1978-300x205.jpg 300w\" sizes=\"(max-width: 740px) 100vw, 740px\" \/><\/p>\n<p style=\"text-align: center;\">&nbsp;<\/p>\n<p style=\"text-align: center;\">K\u00f6nig Karl-Heinz Re\u00dfing<br \/>\nK\u00f6nigin Inge Re\u00dfing<\/p>\n<p style=\"text-align: center;\">Throngefolge:<\/p>\n<p style=\"text-align: center;\">Friedhelm und Wilfriede Schulte-Bunert<br \/>\nG\u00fcnter und Wilma Dames<br \/>\nWilhelm und Agnes Heyermann<br \/>\nFritz Re\u00dfing und Hannelore H\u00fcfing<\/p>\n","protected":false},"excerpt":{"rendered":"<p>&nbsp; K\u00f6nig Karl-Heinz Re\u00dfing K\u00f6nigin Inge Re\u00dfing Throngefolge: Friedhelm und Wilfriede Schulte-Bunert G\u00fcnter und Wilma Dames Wilhelm und Agnes Heyermann Fritz Re\u00dfing und Hannelore H\u00fcfing<\/p>\n","protected":false},"author":1,"featured_media":0,"parent":140,"menu_order":0,"comment_status":"closed","ping_status":"closed","template":"","meta":{"ngg_post_thumbnail":0,"footnotes":""},"class_list":["post-285","page","type-page","status-publish","hentry"],"_links":{"self":[{"href":"https:\/\/svdrevenack.de\/index.php?rest_route=\/wp\/v2\/pages\/285","targetHints":{"allow":["GET"]}}],"collection":[{"href":"https:\/\/svdrevenack.de\/index.php?rest_route=\/wp\/v2\/pages"}],"about":[{"href":"https:\/\/svdrevenack.de\/index.php?rest_route=\/wp\/v2\/types\/page"}],"author":[{"embeddable":true,"href":"https:\/\/svdrevenack.de\/index.php?rest_route=\/wp\/v2\/users\/1"}],"replies":[{"embeddable":true,"href":"https:\/\/svdrevenack.de\/index.php?rest_route=%2Fwp%2Fv2%2Fcomments&post=285"}],"version-history":[{"count":1,"href":"https:\/\/svdrevenack.de\/index.php?rest_route=\/wp\/v2\/pages\/285\/revisions"}],"predecessor-version":[{"id":286,"href":"https:\/\/svdrevenack.de\/index.php?rest_route=\/wp\/v2\/pages\/285\/revisions\/286"}],"up":[{"embeddable":true,"href":"https:\/\/svdrevenack.de\/index.php?rest_route=\/wp\/v2\/pages\/140"}],"wp:attachment":[{"href":"https:\/\/svdrevenack.de\/index.php?rest_route=%2Fwp%2Fv2%2Fmedia&parent=285"}],"curies":[{"name":"wp","href":"https:\/\/api.w.org\/{rel}","templated":true}]}}

Thron 1978 Karl-Heinz Reßing

<p><img fetchpriority="high" decoding="async" class="aligncenter size-full wp-image-277" src="https://svdrevenack.de/wp-content/uploads/2019/03/a_1978_Thron_Ressing_Karl-Heinz__Inge.jpg" alt="" width="593" height="305" srcset="https://svdrevenack.de/wp-content/uploads/2019/03/a_1978_Thron_Ressing_Karl-Heinz__Inge.jpg 593w, https://svdrevenack.de/wp-content/uploads/2019/03/a_1978_Thron_Ressing_Karl-Heinz__Inge-300x154.jpg 300w" sizes="(max-width: 593px) 100vw, 593px" /> <img decoding="async" class="aligncenter size-full wp-image-276" src="https://svdrevenack.de/wp-content/uploads/2019/03/1978.jpg" alt="" width="740" height="505" srcset="https://svdrevenack.de/wp-content/uploads/2019/03/1978.jpg 740w, https://svdrevenack.de/wp-content/uploads/2019/03/1978-300x205.jpg 300w" sizes="(max-width: 740px) 100vw, 740px" /></p>
<p style="text-align: center;">&nbsp;</p>
<p style="text-align: center;">König Karl-Heinz Reßing<br />
Königin Inge Reßing</p>
<p style="text-align: center;">Throngefolge:</p>
<p style="text-align: center;">Friedhelm und Wilfriede Schulte-Bunert<br />
Günter und Wilma Dames<br />
Wilhelm und Agnes Heyermann<br />
Fritz Reßing und Hannelore Hüfing</p>

<p>&nbsp; König Karl-Heinz Reßing Königin Inge Reßing Throngefolge: Friedhelm und Wilfriede Schulte-Bunert Günter und Wilma Dames Wilhelm und Agnes Heyermann Fritz Reßing und Hannelore Hüfing</p>
